)/((-31)/10 + 3). Suppose 0 = -4*a - n + 11, 37 = 3*a - 0*a - s*n. Suppose -o + 34 = -3*q, -2*o = -5*o - a*q + 89. What is the tens digit of o?
3
Suppose -2*q = -5*j + 65, -2*q + 6*q = 0. Suppose 9*d = -3*u + j*d + 3480, -u + 4*d + 1160 = 0. What is the tens digit of u?
6
Suppose -1490 - 3670 = -b. What is the thousands digit of b?
5
Suppose 13*d + 10*d = 568381 + 241426. What is the hundreds digit of d?
2
Suppose 12052 = -6*b + 8*b - 4*u, 0 = -5*b - 5*u + 30085. Suppose 265*s = 260*s + b. What is the thousands digit of s?
1
Suppose 2*b + 3*r - 16283 = 0, -8*b + 3*r + 32503 = -4*b. What is the hundreds digit of b?
1
Suppose -2*t + 8602 = 4*i, -3*t + 2*i + 14089 - 1226 = 0. What is the tens digit of t?
9
Let o(i) = -11*i**3 + 314*i**2 + 14*i - 86. What is the thousands digit of o(28)?
5
Let f(i) = 13*i**3 + 1 - 22*i**3 + 11*i - 12*i**2 + 10*i**3. Let q be f(11). What is the units digit of q/((-5)/(-25) - 0)?
5
Suppose -4*d - 30 = -2*z + 12, -2*d = -4*z + 60. Suppose -z*j = -5*j. Suppose j = g + 2 - 35. What is the units digit of g?
3
Let o(w) = 3236*w + 1093. What is the tens digit of o(5)?
7
What is the units digit of (-1)/((5/(-20) - -1) + 117928/(-157216))?
6
Let o = 45 + -45. Suppose 2*h - 2*v = -18, h + o*v = -v - 3. Let m = 2 - h. What is the units digit of m?
8
Suppose -3*d + 2*s - 2116 = 0, -3*d - 2086 = -15*s + 19*s. Let u = -296 - d. What is the tens digit of u?
0
Let q = 443 + -292. Let t = q - 25. Let a = t + -19. What is the units digit of a?
7
What is the thousands digit of 5122 + (-15 - (12 + -16))?
5
Suppose -3*v = 4*k - 3684, 2*v + 48*k - 2458 = 46*k. What is the hundreds digit of v?
2
Suppose -101 = -20*h - 61. Let f(w) = 219*w**3 + 6*w**2 - 8*w + 2. What is the thousands digit of f(h)?
1
Let a(p) = 7*p**2 - 169*p + 3119. What is the ten thousands digit of a(55)?
1
What is the units digit of (254501/(-65))/(4/(-60))?
1
Suppose 10*l - 5*l - 600 = 0. Suppose -4*b + 0*b + l = 0. Suppose f = 144 - b. What is the hundreds digit of f?
1
Let y(m) = -917*m - 22. Let c be y(-2). Let a = c + -1188. What is the hundreds digit of a?
6
What is the thousands digit of (-38037)/(-5) + (-6)/(-10)?
7
Let z = -139 + 131. Let d = 59 + z. Suppose -d*j = -46*j - 1110. What is the tens digit of j?
2
Let u(j) = 2*j - 22. Let y be u(13). Suppose -y*w + 40 = w. Suppose -3*q - 435 = -w*q. What is the tens digit of q?
8
Suppose 5*l = -3*f + 140681, -74188 - 66490 = -3*f - 2*l. What is the thousands digit of f?
6
Suppose -4*x - 80 = -4*i, 0 = 3*i + 4*x + x - 52. Suppose -3*h - 2*d + i = 0, 2*h + d - 20 = -4*d. What is the tens digit of (h/((-5)/(-184)))/2?
9
Suppose -3*q - 48575 - 19692 = -f, -6*q = -5*f + 341344. What is the tens digit of f?
7
Let k = -542 + 545. What is the thousands digit of (2 + (-46)/k)*1272/(-16)?
1
Let c(m) = -m**3 - 10*m**2 - 15*m - 9. Let a(u) = u - 12. Let x(r) = r**2 - 16*r - 15. Let l be x(17). Let z be a(l). What is the units digit of c(z)?
1
Let h(m) = -16*m + 63. Suppose r = -2*j - 107, -31 = -3*j + 4*j - 4*r. Let z = -58 - j. What is the tens digit of h(z)?
7
Let c be ((-11055)/9)/(1*(-2)/6). Suppose 0 = -n + 12*n - c. What is the tens digit of n?
3
What is the units digit of (1799 - (-3 + 7))*19?
5
Suppose -34 = -10*s - 4. Suppose 5*i + 3*a - 2625 = 0, -5*a + 1561 = s*i - 6*a. What is the hundreds digit of i?
5
Suppose -k = -5*o - 5260, -104*o + 106*o - 26435 = -5*k. What is the tens digit of k?
8
Let v(k) = -59*k - 10. Let x(s) = -s + 2. Let c(h) = -v(h) - 6*x(h). Let z be (-1 + (-2 - -2))/(-1). What is the tens digit of c(z)?
6
Let v(x) = -3*x + 11*x**2 + 8 - 13*x**3 + 12*x**3 - 7. Let u be v(10). Let i = 77 - u. What is the units digit of i?
6
Suppose n + 38 = 2*v + 13, -5*n - 137 = 2*v. Suppose 3*g - 99 = -2*d, -12*g = -5*d - 13*g + 254. Let r = d + n. What is the tens digit of r?
2
What is the thousands digit of 15 - 12598*10/(-20)?
6
Let g(u) = -78*u + 4. Let m be -2 - (-10)/35*-7. What is the tens digit of g(m)?
1
Let f = 101 + -100. Let s(o) = -6*o**3 - 12*o**2 - 2*o + 7. Let i(x) = x**3 + x**2 - x. Let w(m) = f*s(m) + 5*i(m). What is the units digit of w(-6)?
3
Suppose -4*k = 2351 - 619. Let f = k - -783. What is the tens digit of f?
5
Suppose 0 = 5*i - 15, -1 - 11 = 2*g - 4*i. Suppose 4*y - 4 = g, -5*y - 744 - 159 = -2*k. What is the units digit of k?
4
Let v(w) = -3*w**2 - w + 87. Let d(i) = 3*i**2 + 2*i - 87. Let n(c) = -2*d(c) - 3*v(c). What is the tens digit of n(13)?
0
Suppose -319*y = -315*y. Suppose 0 = 4*f + o - 733, y = -4*f - 15*o + 10*o + 753. What is the units digit of f?
2
Let f = -13019 - -30949. What is the units digit of f?
0
Let v(n) be the second derivative of 25*n**5/4 - n**4/3 + n**3/2 - n**2 + 13*n - 3. What is the units digit of v(2)?
8
Let c(v) be the second derivative of 24*v**3 + 8*v**2 - 47*v. What is the tens digit of c(2)?
0
Suppose 2*a - 4*a + 24 = 0. Suppose -6*s + a*s = -432. What is the tens digit of ((-552)/s)/(1/6)?
4
Let l = -20 - 2. Let w(s) = s**3 + 23*s**2 + 23*s + 20. Let y be w(l). What is the units digit of (182/(-6) + 2)*(y - 1)?
5
Let h(k) = 2*k**2 + 8*k - 14. Suppose 2*a - 6 = 28. Suppose 3*x + 22 = n, 5*n - a - 13 = 5*x. What is the units digit of h(x)?
0
Let r = 15 + -13. Let t(l) = -l**2 - 6*l + 18. Let q be t(-8). Suppose -4*d - 84 = -q*v - 262, 5*v + 101 = r*d. What is the units digit of d?
3
What is the ten thousands digit of (3 + (-120)/3)/(6/(-19584)*4)?
3
Let w = -2787 - -379. Let n = 3482 + w. What is the units digit of n?
4
Let q = 359 + -98. Suppose q*m + 5565 = 266*m. What is the units digit of m?
3
Let w(b) = -488*b**2 - 2*b + 3. Let u(v) = 977*v**2 + 4*v - 5. Let m(h) = 3*u(h) + 5*w(h). What is the tens digit of m(-1)?
8
Let h(z) = -z**3 - 6*z**2 - 7*z - 25. Let m be h(-5). What is the units digit of (-9)/((-90)/4) - 5379/m?
9
Let t(v) = 1866*v + 2324. What is the units digit of t(5)?
4
Suppose 60*h - 2231334 = -66*h. What is the hundreds digit of h?
7
Let i(b) = -195*b + 163. Let n be i(-37). Suppose -22*k + n = -5*k. What is the hundreds digit of k?
4
Suppose 4*s = 9*s - 245. Let r = s + -45. Suppose -5*g + 4*u + 179 = -349, r*g + 5*u - 406 = 0. What is the units digit of g?
4
Let y(p) = 21*p + 19*p**2 - 270 + p**3 + 0*p**2 + 279. What is the units digit of y(-7)?
0
Let d(c) be the first derivative of -c**3/3 + 13*c - 47. Let y be d(0). Suppose -9*a - 1016 = -y*a. What is the hundreds digit of a?
2
Suppose -3*m = -5*x + 8 - 105, 5*m + 2*x - 141 = 0. Suppose m*v - 584 = 13626. What is the tens digit of v?
9
Suppose 4*d + 25163 - 3319 = 5*u, 0 = -3*d + 12. What is the units digit of u?
2
Let d = -23605 + 35392. What is the units digit of d?
7
Let o be (5 - (-60)/33) + (-2)/(-11). What is the units digit of ((-387)/6 - o)*-10?
5
Let x(l) = -3*l - 13. Let g be x(-5). Suppose 0 = -3*t - g*a + 11, 2*t = t + 3*a - 11. What is the units digit of 11/(t/8*2)?
4
Suppose -55 = 2*o - 63. Suppose 2*y - o*y = -2*t + 2176, 0 = -3*t - 2*y + 3279. What is the tens digit of t?
9
Let a(v) = -21*v**3 + 4*v**2 + 2*v + 1. Let l(f) = -22*f**2 - 4*f + 8. Let n be l(2). Let t = n + 86. What is the units digit of a(t)?
1
Let b(x) = -10*x**2 - x + 20. Let g(d) = -12*d**2 + 21. Let y(z) = -4*b(z) + 3*g(z). What is the tens digit of y(4)?
6
Suppose -39*p + 41*p = 0. Let t(r) = -r**2 + 2*r + 106. Let l be t(p). Let m = l - 11. What is the tens digit of m?
9
Let t(r) = r + 1. Let m be t(-5). Let f(d) = -d**2 - 3*d + 4. Let v be f(m). Suppose 3*g + 3*n - 647 = -68, v = 3*n - 6. What is the tens digit of g?
9
Suppose -q - 1 = 1. Let s be (q + 0)/(3/(-6)). Let a(c) = 7*c**2 - 6*c + 10. What is the units digit of a(s)?
8
Suppose 0 = 57*r - 55*r, 5*g - 41115 = -5*r. What is the hundreds digit of g?
2
Let i be 24/5 + (-4)/(-20). Suppose b = -0*b + i*w - 79, -194 = 2*b + 2*w. Let v = -11 - b. What is the units digit of v?
3
Let i(r) = -r**3 + 5*r**2 - r - 13. Let m be i(4). What is the tens digit of m/(-14)*-2 - 791/(-49)?
1
Suppose -3*d = 4*u - 28, 4*d - 4*u = -9*u + 38. What is the units digit of 2/d + 262727/366?
8
Let j be 3/9 + (-2278)/(-6). Let a = 2795 - 2524. Let p = j - a. What is the units digit of p?
9
Let c(z) = -21*z - 116. Suppose 3*b + 101 = -4*j + 6*j, -2*j + 163 = -5*b. What is the tens digit of c(b)?
3
Let z = -24 - -19. Let w(b) = b**2 - b - 31. Let f be w(z). What i